= b*k(g) - 13*v(g). What is r(-7)?
0
Suppose -3*z - 3*i = -8 - 4, 3*z + 2*i - 17 = 0. Suppose -4*v = -z*v + 10. Let d(f) = 8*f. Determine d(v).
16
Let n = -120 - -128. Let i(p) = -4*p**2 + 9*p + 6. Let x(w) = 6*w**2 - 14*w - 9. Let y(r) = n*i(r) + 5*x(r). Give y(3).
-9
Let n(q) = -2*q + 11. Let h be n(4). Let f(o) = -3*o + 5 + h - 7. Suppose -4*l = -6 + 14. Determine f(l).
7
Let n = -11 + 22. Let s(y) = 0*y + 0*y + n*y**2 - 13*y**2 - 1. Give s(-2).
-9
Suppose 3*u = 3 + 18. Let j(d) = u*d - 1 - 5*d + d. Give j(-2).
-7
Let l(u) = u**2 - 7*u - 11. Let x be l(9). Let i(j) be the third derivative of -3*j**2 - 1/120*j**6 + 0*j**4 + 0*j - 2/3*j**3 + 7/60*j**5 + 0. Calculate i(x).
-4
Let p(h) = -151*h**2 + 51*h**2 + 45*h**2 + 3*h + 53*h**2. Determine p(3).
-9
Let g(a) be the second derivative of 2*a + a**2 + 0 + 1/3*a**3. Let k = 42 - 39. Give g(k).
8
Let f = -8 + 10. Suppose p + 4 = f. Let b(u) = -4 + 0 - u + 3 - u**2 + 0*u. Calculate b(p).
-3
Suppose 0 = 3*c + 3*a - 75, c + a - 65 = -2*c. Let t = 25 - c. Let k be (7 - t)/(0 - 1). Let b(h) = -3*h**2 - 3*h - 1. Determine b(k).
-7
Suppose -2*g = -0*g - 10. Let t(z) = -3 + g - 6*z + 5*z - 3. Suppose -p = 2*l - 1 + 17, 0 = 5*p + 3*l + 45. Give t(p).
5
Let d(g) be the second derivative of 3*g + 1/12*g**4 - 2*g**2 + 7/6*g**3 + 0. Give d(-7).
-4
Let g = -6 + 8. Let y be 5/(-10)*-1*14 - 2. Let p(r) = y*r + 4*r - 1 - 7*r + 6*r. Give p(g).
15
Let f(w) = w + 11. Let q = -32 + 20. Let s = q - -27. Let k = -15 + s. Calculate f(k).
11
Let x(v) = -6*v + 75. Let o be x(12). Let i(w) = w**2 + 2*w - 13. What is i(o)?
2
Let u be 1*1/2 + (-221)/(-34). Let d(p) = p + 8. Give d(u).
15
Let w(p) = 436*p**3 - 435*p**3 + 22*p - 31*p - 7*p**2 + 9. Suppose 2*k - 17 = -q, 0*k - 9 = -k - q. Calculate w(k).
1
Let u(b) = 2*b + 3. Let h(x) = -2*x**3 - 2*x**2 - x - 2. Let y(m) = m - 12. Let n be y(10). Let z be h(n). Suppose w + 2*w + 5 = 2*c, -2*w = c + z. Give u(w).
-3
Let h be (-22)/(-8) + (-2)/(-8). Let z(v) = 2*v - 2 - v**2 + 5*v - 3*v + 0*v. Let j be z(h). Let p(c) = 5*c**3 - c**2. Give p(j).
4
Let d(h) = h**2 - 10*h - 1. Let i be (-3393)/(-52) - 2/((-8)/3). Suppose 3*m - 9*m + i = 0. What is d(m)?
10
Let v(k) be the first derivative of -k**2/2 - 10*k + 745. Determine v(13).
-23
Let o(h) be the second derivative of h**4/12 - h**3/2 + 3*h**2/2 + h - 3. Determine o(5).
13
Let l(b) be the third derivative of 0*b + 0*b**3 + 0*b**4 + 10*b**2 - 1/60*b**5 + 0. Determine l(-2).
-4
Let c be (-1)/((-1)/6*2). Suppose 11 = -2*h + 15. Let d(n) = -17*n + 9*n + 9*n - 3*n**h + 1 + 2*n**2. Give d(c).
-5
Let w(y) be the first derivative of y**3/6 + 3*y**2/2 - 11*y - 14. Let c(x) be the first derivative of w(x). Let p = 10 + -6. What is c(p)?
7
Let q(m) = -114*m - 9 + 0 + 111*m. Let y(b) = 1. Let a(j) = q(j) - y(j). Give a(-8).
14
Let n(a) be the second derivative of -a**4/12 - 13*a**3/6 + 27*a**2/2 - 500*a - 2. What is n(-15)?
-3
Let t(x) be the first derivative of -x**3/3 + x**2/2 + x + 1. Let d(q) = -2*q**2. Let a be d(-1). Calculate t(a).
-5
Let j(w) = w**2 + 4 + w + 4*w + 2*w**2 - 4*w**2. Let z(f) = -f**2 - 4*f + 5. Let q be z(-4). Suppose -q*h = -2 - 23. What is j(h)?
4
Let z(b) be the second derivative of -b**5/20 + 5*b**4/12 + 7*b**3/3 - 4*b**2 + 206*b. Determine z(7).
-8
Let p(j) be the third derivative of -j**4/12 - 7*j**3/6 + 16*j**2. What is p(-6)?
5
Let y(m) be the first derivative of 0*m + 1/15*m**6 + 6*m**2 - 1/60*m**5 + 0*m**4 + 1/6*m**3 - 4. Let d(t) be the second derivative of y(t). What is d(1)?
8
Let o(g) = -3*g - 7. Let y(w) = -w**3 - 10*w**2 - 11*w - 13. Let s be y(-9). Determine o(s).
-22
Let o = 41 + -24. Let p = 18 - o. Let n(g) = -4*g**3 - 2*g**2 + 1. Determine n(p).
-5
Suppose -1 = -q + 3. Suppose 3 = -q*m + 11. Let o(n) = -n + 2*n**m - n**3 + 3*n - 8*n**2 + 9. What is o(-6)?
-3
Let r(n) = -4*n - 1. Let o be r(-2). Suppose -4*h + 3*q = 5*q - 34, -5*h - 5*q + 45 = 0. Let p(w) = 4*w**3 - 5*w**3 - 10*w + h*w**2 + 3*w + 5. What is p(o)?
5
Suppose -6 = -a + 3*i, -a - 10 = -2*a + 2*i. Suppose -3*s = -2*z - a, 15 = 3*s + 3. Let w(h) = 2*h + 0 + 5582*h**2 - 5581*h**2 + 0. Give w(z).
3
Let u(m) = m - 4. Let r(b) = b**3 - b**2 - 3*b - 4. Suppose h + 2*j + 18 = 0, 4*h - j - 4*j + 20 = 0. Let p be (-2)/h + 42/15. Let d be r(p). What is u(d)?
1
Let n(m) = -m**3 - 4*m**2 + 3*m - 3. Let b be 262/(-8) - (-4)/(-16). Let u = b + 53. Suppose w + 3*w = -u. Calculate n(w).
7
Let x = 3 - 11. Let j(g) be the second derivative of -g**3/6 - 11*g**2/2 - 3*g - 7. Determine j(x).
-3
Let f = -7 + 12. Let p be ((-1)/(-5) + 1)/(22/55). Let s(z) = -2*z + 26*z**3 - z - 4 - 27*z**p + 6*z**2. What is s(f)?
6
Suppose 0 = -16*l - 122 - 38. Let m(p) = 7*p + 72. What is m(l)?
2
Let p = 686 + -679. Let v(i) = i**2 - 12*i + 10. What is v(p)?
-25
Let r be (-3)/(-27) - (-623)/63. Let y(j) = j + 2. Determine y(r).
12
Let x(k) = k**2 + k + 7. Let a be x(0). Let n be ((-4)/18)/((-11)/99). Let m(b) = 0 - n*b + 3 - 2*b + 5. Calculate m(a).
-20
Let y(h) = h - 7 - h - h. Let x be (1/(-4))/(52/(-1040)). Determine y(x).
-12
Let c(p) be the third derivative of p**4/8 - p**3/2 + 2*p**2. Suppose -4*i = -2*i - 6. Let g be (i/(-2))/((-8)/16). Calculate c(g).
6
Let r(b) = -b + 1. Let n(i) = 5. Let k(m) = n(m) + 2*r(m). Let h be k(9). Let f(u) = u**3 + 12*u**2 + 11*u - 2. Give f(h).
-2
Let g(f) = -f + 9. Let j be g(8). Let q(c) = 1 + 0*c + 0*c - 2*c - 4*c. Give q(j).
-5
Let c(b) = -b**2 + 14. Let i be (-3)/(-1*(-6)/(-10)). Let f be (0/4)/(-2 + i). What is c(f)?
14
Let x(y) = y**2 - 5*y - 7. Suppose 4*l - w = 92, 2*l + 2*l - 84 = -w. Suppose l = 7*t - 13. Give x(t).
-7
Let q(o) = -o + 29 + 34 + 38 - 113. Give q(-11).
-1
Let q(d) = -24*d - 8 + 53*d + 7 - 25*d. Let l = -7 - -4. Give q(l).
-13
Let w be 6*(33/18)/11*-3. Let a(u) = u**3 - u**2 - 2*u - 5. Let g(z) = z**3 - 3*z - 5. Let d(h) = w*a(h) + 4*g(h). Determine d(-5).
-25
Let t(f) = -12 + 0*f**3 + f**3 - 993*f**2 + 1004*f**2 + 8*f. Calculate t(-10).
8
Let i(q) = -156 + 478 - 160 - 159 + q. Let f(j) = -j + 7. Let k be f(5). Suppose 4*y = -4*h, -10 = -k*y - y - 5*h. Give i(y).
-2
Let m(g) = g - 7. Suppose 5*k = -4*n - 0*k - 171, 2*k - 2 = 0. Let v = n + 49. Calculate m(v).
-2
Let b(p) = 6*p + 112 + 38*p**2 - 5*p - 113. Determine b(1).
38
Suppose -2*q = -0*q - 4. Let k(z) = -3*z**2 - 36*z + 2*z**2 + 36*z. What is k(q)?
-4
Let q(j) = j**2 - 2*j + 4. Let l = 171 - 174. Determine q(l).
19
Suppose -5*z + 2*s = -17, 3*z + 0 = 5*s + 14. Suppose 2*i - 4 = -4*x, -z*x = -5*i - 8*x + 15. Let y(a) = 3 + 4*a - 10 + 3*a - i*a. Give y(5).
8
Let t(r) = r**2 + r. Let h be (-4 + -1)*(-24)/30. Suppose 4*m - 5 = o, -2*m = h*o - 2 - 14. Suppose 5*i - 3 = m*i. Determine t(i).
2
Let j(r) = -r - 3. Let n be -1*(1 - (8 + -12)). What is j(n)?
2
Let p(s) = s**3 + 3*s**2 + 1. Let k = 23 - 20. Suppose -4*j - 20 = 2*b, 4*b + 0 = k*j - 7. Give p(j).
1
Let d(f) = 5*f**3 + 5*f**2 - 3*f + 9. Let k(m) = -9*m**3 - 10*m**2 + 5*m - 15. Let y(c) = -7*d(c) - 4*k(c). What is y(-4)?
9
Let j(c) be the first derivative of 1/2*c**2 - 1/3*c**3 + 0*c + 2. Determine j(1).
0
Let k(q) = 12*q**2 - q + 25. Let n(u) = 7*u**2 - u + 15. Let t(p) = -3*k(p) + 5*n(p). Let f(s) = -s**2 + 5*s + 4. Let i be f(6). What is t(i)?
0
Let j(r) = -36*r - 18. Let n(x) = -15*x - 8. Let z(p) = -3*j(p) + 7*n(p). Suppose f - 1 = 2*f. Let u = f - 1. Give z(u).
-8
Let l(w) = -w**3 + 7*w**2 - 5*w. Let b be l(6). Let i(g) = 5*g - b*g**2 + 13*g**2 + 12 - 3*g**3 - 3 + 4*g**3. What is i(-6)?
15
Let f = -25 + 22. Let r(s) be the first derivative of s**5/40 + s**4/8 + 4*s**3/3 + 4. Let h(g) be the third derivative of r(g). Calculate h(f).
-6
Let k(q) = 2*q - 9. Let r(h) = -2*h + 7. Let w(y) = -2*k(y) - 3*r(y). Calculate w(-7).
-17
Let o(w) = 11*w**3 - 12*w**2 + 21*w + 12. Let j(r) = -13*r**3 + 13*r**2 - 24*r - 13. Let m(n) = -5*j(n) - 6*o(n). Let c be (-2)/8 + (-75)/(-12). Determine m(c).
-7
Let h(c) be the third derivative of 0*c - 47*c**2 - 2/3*c**3 + 1/24*c**4 - 1/15*c**5 + 0 - 1/120*c**6. Let o = -4 - 0. Determine h(o).
-8
Let i(n) = -2*n + 16. Let b be i(6). Let r(f) be the second derivative of -f**3/6 + 2*f**2 - 19*f. Calculate r(b).
0
Let c(b) = -3*b - 2. Suppose 72 = 4*k - 3*o - o, -2*k = -4*o - 28. Suppose 10 = 8*p - k. Give c(p).
-14
Let c(v) = 13*v**2 - v - 1. Suppose 6 = 4*r + 30. Let m be (-